mmon divisor of 232 and f?
29
Let p = -88 + 133. Suppose -2*a = 3*a + w - 74, -4*a + 59 = w. Calculate the highest common divisor of p and a.
15
Let g be (-137)/(-9) - 2/9. What is the highest common factor of 5 and g?
5
Let t be (-8)/4 + (21 - 4). Calculate the highest common divisor of 105 and t.
15
Let v be 3 + 4 + -7 + -1. Let m be (v/1)/(1/(-19)). What is the greatest common divisor of 95 and m?
19
Let n be (3 - 1)*((-6)/(-4) - 0). What is the highest common divisor of 21 and n?
3
Let h = -113 - -223. Suppose -5*r = -3*r - 20. Calculate the highest common factor of r and h.
10
Let v(d) = 31*d**2 + 1 - 16*d**2 - d + 33*d**2. Let q be v(1). Let x = -29 + q. What is the greatest common factor of 57 and x?
19
Let q be (-3)/5 - 198/(-30). What is the greatest common divisor of 48 and q?
6
Let n(t) = 5*t**2 - 7*t + 6. Let k be n(6). Suppose 14 = 4*q - 6. Suppose 64 = q*z - z. Calculate the highest common divisor of k and z.
16
Suppose 0 = 2*i - 6*i + 4*k + 20, 3*i = 4*k + 14. Calculate the highest common factor of 9 and i.
3
Let r = 32 + -14. Calculate the highest common factor of r and 9.
9
Suppose 4*u + 10 = -2*v + 36, -37 = -4*v - 3*u. Let l(k) = k**3 - 6*k**2 - 6*k + 8. Let q be l(v). Calculate the highest common divisor of 60 and q.
15
Let l(h) = -4*h**2 + 2*h - 1. Let z be l(-2). Let f = 23 + z. Calculate the greatest common divisor of 6 and f.
2
Let c be 4 + -5 + (0 - 0). Let n be 3 + (c - (-3 - 70)). What is the highest common divisor of 30 and n?
15
Let d(c) = c**3 - 8*c**2 + 7*c + 2. Let n be d(7). Let i = 21 + -15. Let x = 0 + i. What is the greatest common factor of n and x?
2
Suppose l - z - 30 = 0, -l + 20 = -0*l + z. What is the greatest common factor of l and 5?
5
Suppose -10*p - 4*p = -224. What is the highest common factor of p and 176?
16
Suppose -22 = -4*a + 2*c, 6 = -4*c + 2*c. Calculate the greatest common divisor of 1 and a.
1
Suppose -3*a - 4*o + 30 = -2*o, 2*o = -5*a + 50. Let i = 1 + a. What is the greatest common divisor of 77 and i?
11
Let h = 13 - 5. Let k = h + 28. What is the highest common divisor of 90 and k?
18
Suppose 7*h - 2*r = 4*h + 188, 4*h + 4*r = 224. What is the greatest common divisor of h and 12?
12
Let c(n) = -129*n + 17. Let y be c(-2). Calculate the highest common divisor of 25 and y.
25
Let c = -59 + 71. Calculate the highest common factor of 132 and c.
12
Let r(d) = -d + 3. Let o = 12 + -8. Let u be r(o). Let i(x) = -2*x. Let v be i(u). Calculate the greatest common divisor of 4 and v.
2
Let w(g) = -g + 41. Let m be w(17). What is the highest common divisor of 36 and m?
12
Suppose -14 = -4*x + 18. Calculate the highest common divisor of 88 and x.
8
Suppose -4*c = 2*p - 92, -3*c + 0*c + 3*p + 87 = 0. Calculate the greatest common divisor of 125 and c.
25
Let v(o) = -27*o - 2. Let i be v(2). Let h = i - -35. Let f = 11 - h. Calculate the highest common divisor of 4 and f.
4
Let g = 6 - 3. Let f = g + 3. Calculate the greatest common factor of f and 6.
6
Let x(f) = 3*f**3 + 2*f**2 + 2*f - 4. Let q be x(2). Calculate the highest common factor of q and 80.
16
Suppose 4*t - 5*t = 16. Let b = 22 + t. Calculate the greatest common divisor of b and 12.
6
Let z(t) = t**3 - 7*t**2 - 2*t + 8. Let y be z(7). Let n = y + -51. Let x be (0/1 + -3)*n. Calculate the greatest common divisor of x and 19.
19
Let h = -3 + 8. Let o be 1/(-10) - 459/(-90). Calculate the highest common factor of o and h.
5
Let h be (-146)/(-6) - (-4)/6. Let r = h - 10. What is the highest common factor of 165 and r?
15
Suppose -2 + 17 = -3*d. Let w = d + 8. Let p(g) = 2*g. Let x be p(w). Calculate the highest common factor of 54 and x.
6
Suppose -u - 20 = -5*q, 0 = q + 2*q - 15. Let c = -6 + 16. What is the highest common factor of u and c?
5
Let r be 170/15 + 1/(-3). Calculate the highest common divisor of r and 11.
11
Let l(z) = -5*z - 41. Let n be l(-13). What is the highest common divisor of n and 48?
24
Let n = 24 + -9. Suppose 19 = 2*d - n. Calculate the greatest common factor of 68 and d.
17
Let o(v) = -v**3 + 4*v**2 + 4*v - 6. Let u be o(4). Suppose -6*i = -2*i + 36. Let l be (-3)/(-3 + i/(-6)). What is the highest common divisor of l and u?
2
Let k = -18 + 66. What is the highest common factor of 6 and k?
6
Let y be (24/4)/(-2) + 4. What is the highest common divisor of 1 and y?
1
Suppose 4*k - 8*k + 52 = 0. Let z(m) be the first derivative of 3*m**2/2 - 5*m - 1. Let x be z(6). What is the greatest common divisor of k and x?
13
Suppose -11*l + 6*l = -300. Calculate the highest common factor of l and 150.
30
Let o = 2 + 0. Let q be (o/7)/((-2)/(-14)). Suppose 0 = -q*d - 5*u - 2, 3*u = 3*d - u - 20. Calculate the highest common divisor of 4 and d.
4
Let p(y) = 3*y + 16. Let z be p(-5). Calculate the greatest common divisor of z and 9.
1
Suppose 4*w = 3*o - 1677, 0*w = 4*o + 5*w - 2205. Suppose -5*i + o = -75. Suppose 2*v - 8 = 0, 4*v + 52 = 4*y - v. What is the highest common factor of i and y?
18
Let y(a) = a**2 + a + 1. Let w be y(0). What is the highest common divisor of w and 9?
1
Suppose 30 = -2*j + 42. Let d = -8 + 56. Calculate the highest common divisor of d and j.
6
Suppose 153 - 120 = 3*c. What is the greatest common divisor of 121 and c?
11
Let c = 31 + 13. Suppose 4*h - 36 = c. Calculate the greatest common factor of 5 and h.
5
Suppose 4*c - s = -2*s + 46, 5*s = -2*c + 32. Calculate the highest common factor of 22 and c.
11
Suppose 0*z = z. Suppose -u + z*u = -7. Calculate the greatest common factor of u and 21.
7
Let f be 1 + 18 + 3/(-3)*3. Calculate the highest common divisor of f and 48.
16
Let n = -3 + -6. Let h(q) = -q - 7. Let a be h(n). Suppose o + 7 = -2*o + 2*i, 5*o + 5 = 2*i. What is the greatest common divisor of a and o?
1
Suppose -8 + 48 = k. What is the greatest common divisor of 5 and k?
5
Let m be (15*-1)/((4/(-20))/1). What is the greatest common factor of m and 25?
25
Let z(w) = -2*w + 3*w - 8 - 4*w - 3*w. Let d be z(-6). What is the greatest common factor of d and 7?
7
Suppose -5*b = 4*g - 1100, 2*b + 5*g + 1055 = 7*b. Calculate the highest common factor of b and 24.
24
Let s be ((-2)/1 - -5)*(-100)/(-6). Calculate the highest common divisor of 5 and s.
5
Suppose -1 - 2 = -s. Suppose 4*k + 60 = s*k. Let i = k + 88. What is the highest common divisor of 7 and i?
7
Suppose -1 = -5*b + 49. What is the greatest common divisor of 5 and b?
5
Suppose 20 = 4*x + 4. Suppose n - x = -3*n. Let z(w) = -w**3 + 4*w**2 - 3*w + 2. Let s be z(3). What is the greatest common divisor of s and n?
1
Let i be 10 + (1 - 3) - 3. Suppose 2*u - 18 = -3*z + 18, 3*z + i*u = 45. What is the greatest common factor of z and 10?
10
Let k(b) = -b**3 + 7*b**2 - 6*b - 5. Let r be ((-4)/6)/((-2)/15). Let t be k(r). Calculate the greatest common divisor of 30 and t.
15
Suppose -q = 4*q + 930. Let y be (-5)/(-10) + q/4. Let f = y + 66. Calculate the highest common divisor of 50 and f.
10
Let b = 18 + -15. Calculate the highest common factor of b and 3.
3
Let n(x) = -x - 23. Let q be n(-11). Let f(z) = 3*z**2 - 2*z - 1. Let a be f(2). Let d = a - q. What is the highest common divisor of 209 and d?
19
Suppose 6*o = 2*o + 84. What is the highest common factor of 147 and o?
21
Let d = 1 - -87. Calculate the greatest common divisor of 8 and d.
8
Suppose 0 = -3*t - 2*a - 7, -4*t + 19 = -3*a. Let v = t - -15. What is the greatest common divisor of v and 32?
16
Let w(d) = 23*d**3 - 2*d**2 + d. Let n be w(1). Calculate the greatest common divisor of n and 11.
11
Let m = -5 - -25. What is the greatest common factor of 220 and m?
20
Suppose 2*x - x = -3*v + 42, x + 4*v - 46 = 0. What is the greatest common factor of x and 270?
30
Let r(c) = -c + 1. Let n(a) = 4*a - 4. Let w(q) = -2*n(q) - 6*r(q). Let k be w(-3). Calculate the highest common factor of 8 and k.
8
Let j(c) = -72*c**3 - c**2 + 1. Let i be j(-1). What is the greatest common factor of 9 and i?
9
Let o(i) = 2*i**2 + i + 3. Let u be o(3). Let y = -67 + 103. Calculate the highest common divisor of u and y.
12
Let c be -8 + 5 - (1 + -2). Let k be 0 + c + 228/4. Calculate the greatest common divisor of 11 and k.
11
Let o be -2 + 2 - (-60)/10. Calculate the greatest common divisor of o and 24.
6
Suppose r = -2*r + 18. Let n = r - -16. What is the greatest common divisor of n and 33?
11
Le